{"id":754,"date":"2023-11-07T14:08:33","date_gmt":"2023-11-07T13:08:33","guid":{"rendered":"https:\/\/samanta-hypnose.ch\/?page_id=754"},"modified":"2025-03-28T13:27:46","modified_gmt":"2025-03-28T12:27:46","slug":"nutrition","status":"publish","type":"page","link":"https:\/\/samanta-hypnose.ch\/?page_id=754","title":{"rendered":"Formations"},"content":{"rendered":"\n<p>\ud83d\udce2 <strong>Prochaine formation en hypnose r\u00e9cr\u00e9ative \u00e0 venir !<\/strong> \u2728<\/p>\n\n\n\n<p>Envie de d\u00e9couvrir une autre facette de l&rsquo;hypnose, o\u00f9 amusement et cr\u00e9ativit\u00e9 se rencontrent ? \ud83c\udfad<br>Cette formation vous permettra d&rsquo;explorer l&rsquo;hypnose sous un angle ludique, id\u00e9al pour cr\u00e9er des moments uniques et m\u00e9morables. \ud83e\udd29<\/p>\n\n\n\n<p>\ud83d\udc49 <strong>Au programme<\/strong> :<br>\u2705 Techniques cr\u00e9atives pour surprendre et divertir<br>\u2705 Exercices interactifs et amusants<br>\u2705 D\u00e9veloppement de votre aisance et de votre confiance<\/p>\n\n\n\n<p>\ud83d\udcc5 <strong>Bient\u00f4t disponible<\/strong> \u2014 Restez connect\u00e9s pour les dates et les d\u00e9tails ! \ud83e\ude84<\/p>\n\n\n\n<p><\/p>\n\n\n\n<p><\/p>\n\n\n\n<p><\/p>\n","protected":false},"excerpt":{"rendered":"<p>\ud83d\udce2 Prochaine formation en hypnose r\u00e9cr\u00e9ative \u00e0 venir ! \u2728 Envie de d\u00e9couvrir une autre facette de l&rsquo;hypnose, o\u00f9 amusement et cr\u00e9ativit\u00e9 se rencontrent ? \ud83c\udfadCette formation vous permettra d&rsquo;explorer l&rsquo;hypnose sous un angle ludique, id\u00e9al pour cr\u00e9er des moments uniques et m\u00e9morables. \ud83e\udd29 \ud83d\udc49 Au programme :\u2705 Techniques cr\u00e9atives pour surprendre et divertir\u2705 Exercices [&hellip;]<\/p>\n","protected":false},"author":1,"featured_media":0,"parent":0,"menu_order":0,"comment_status":"closed","ping_status":"closed","template":"","meta":{"footnotes":""},"class_list":["post-754","page","type-page","status-publish","hentry"],"_links":{"self":[{"href":"https:\/\/samanta-hypnose.ch\/index.php?rest_route=\/wp\/v2\/pages\/754","targetHints":{"allow":["GET"]}}],"collection":[{"href":"https:\/\/samanta-hypnose.ch\/index.php?rest_route=\/wp\/v2\/pages"}],"about":[{"href":"https:\/\/samanta-hypnose.ch\/index.php?rest_route=\/wp\/v2\/types\/page"}],"author":[{"embeddable":true,"href":"https:\/\/samanta-hypnose.ch\/index.php?rest_route=\/wp\/v2\/users\/1"}],"replies":[{"embeddable":true,"href":"https:\/\/samanta-hypnose.ch\/index.php?rest_route=%2Fwp%2Fv2%2Fcomments&post=754"}],"version-history":[{"count":7,"href":"https:\/\/samanta-hypnose.ch\/index.php?rest_route=\/wp\/v2\/pages\/754\/revisions"}],"predecessor-version":[{"id":973,"href":"https:\/\/samanta-hypnose.ch\/index.php?rest_route=\/wp\/v2\/pages\/754\/revisions\/973"}],"wp:attachment":[{"href":"https:\/\/samanta-hypnose.ch\/index.php?rest_route=%2Fwp%2Fv2%2Fmedia&parent=754"}],"curies":[{"name":"wp","href":"https:\/\/api.w.org\/{rel}","templated":true}]}}